1. What is w(6)?
-19
Let n(b) = b**2 + 30*b - 143. What is n(-40)?
257
Let x(a) = a**2 - 239*a + 5964. Determine x(29).
-126
Let b(q) = -q**3 + 99*q**2 + 304*q + 180. Calculate b(102).
-24
Let b(p) = -p**3 - 389*p**2 - 11745*p + 1075. Give b(-356).
7
Let c(g) = -g**3 + 12*g**2 - 15*g - 56. Calculate c(10).
-6
Let r(o) = -o**3 - o**2 + 11*o - 25. Give r(8).
-513
Let o(w) = 8*w**2 + 266*w - 267. Determine o(1).
7
Let y(n) = -n**2 - 36*n - 37. What is y(-36)?
-37
Let g(d) = -d**3 + 13*d**2 - 11*d - 13. Give g(12).
-1
Let b(l) = l**3 - 24*l**2 + 99*l - 130. Determine b(19).
-54
Let m(d) = d**3 + 76*d**2 - 77*d + 93. What is m(-77)?
93
Let z(s) = -s**3 - 14*s**2 - 37*s - 31. Determine z(-11).
13
Let n(u) = 46*u + 305. Determine n(-5).
75
Let o(j) = -j**3 - 10*j**2 - 114*j - 446. Calculate o(-5).
-1
Let l(k) = 1191*k - 25027. Calculate l(21).
-16
Let m(g) = -2*g**3 + 8*g**2 - 7*g + 89. Calculate m(6).
-97
Let f(h) = -10170*h - 172897. Calculate f(-17).
-7
Let m(o) = -399*o - 3588. Calculate m(-9).
3
Let m(c) = -19*c**2 + 536*c - 77. Give m(28).
35
Let j(d) = 2*d**3 - 23*d**2 + 21*d + 263. Calculate j(7).
-31
Let q(i) = -376*i - 3348. What is q(-10)?
412
Let w(r) = 11*r - 544. Calculate w(52).
28
Let f(i) = -663*i - 7366. Calculate f(-11).
-73
Let a(d) = -4*d**2 - 220*d + 404. Calculate a(-59).
-540
Let a(s) = 3*s**3 + 251*s**2 + 170*s + 334. Determine a(-83).
2
Let m(h) = 8*h - 109. Give m(33).
155
Let f(o) = 16*o**2 - 39*o. Determine f(3).
27
Let m(r) = -r**2 + 200*r + 4715. Determine m(-21).
74
Let q(l) = -2*l**2 + 35*l + 162. What is q(-4)?
-10
Let l(z) = z**3 - 104*z**2 + 122*z - 1941. Calculate l(103).
16
Let t(i) = -i**3 + 15*i**2 - 14*i - 91. Give t(13).
65
Let j(i) = i**3 + 16*i**2 + 31*i - 7. Calculate j(-13).
97
Let v(y) = 2*y + 53. Calculate v(-15).
23
Let j(p) = 12*p**3 + 262*p**2 - 48*p - 81. Determine j(-22).
7
Let p(q) = 58*q + 127. Give p(-5).
-163
Let s(z) = -69*z + 2454. Calculate s(31).
315
Let g(b) = 3*b**3 - 228*b**2 - b + 81. Give g(76).
5
Let l(v) = 90*v + 1468. Give l(-19).
-242
Let f(m) = -6*m**3 + 10*m**2 - 16*m + 22. Determine f(3).
-98
Let m(p) = 18*p + 255. Determine m(-15).
-15
Let i(z) = -z**3 - 16*z**2 + 81*z + 50. Give i(-20).
30
Let r(n) = -21*n**2 + 7*n - 11. Determine r(2).
-81
Let s(l) = 22*l**2 - 17*l - 37. What is s(-3)?
212
Let a(x) = -150*x - 2555. Determine a(-18).
145
Let s(m) = 3*m**3 + 56*m**2 + 42*m + 88. Determine s(-18).
-20
Let l(g) = -8161*g - 81607. Determine l(-10).
3
Let i(r) = r**3 - 12*r**2 - 12*r + 81. Calculate i(12).
-63
Let o(k) = -k**3 - 3*k**2 + 370*k + 1795. Calculate o(-5).
-5
Let o(n) = -n**3 - 15*n**2 - 39*n - 29. Calculate o(-12).
7
Let g(f) = -5*f + 75. What is g(15)?
0
Let q(z) = 791*z + 1088. Give q(-2).
-494
Let d(r) = -2*r**2 + 20*r - 35. Calculate d(5).
15
Let w(j) = j**3 + 55*j**2 + 164*j + 424. Determine w(-52).
8
Let w(b) = 20*b**2 - 144*b + 20. Give w(7).
-8
Let a(w) = 62*w**2 - 2*w + 1. Determine a(-1).
65
Let v(p) = -p**3 + 170*p**2 + 5*p - 857. Give v(170).
-7
Let q(s) = 4*s**2 - 33*s - 83. Determine q(-2).
-1
Let m(l) = l**3 - 18*l**2 - 23*l + 90. Give m(16).
-790
Let l(g) = -8927*g + 571332. Give l(64).
4
Let w(h) = -h**3 - 13*h**2 - 3*h - 70. Give w(-13).
-31
Let j(y) = 10*y - 197. Give j(24).
43
Let r(c) = 41*c**3 - 2*c - 1. Determine r(1).
38
Let u(l) = 13*l - 455. What is u(40)?
65
Let v(f) = -f**3 + 18*f**2 - 56*f + 15. Calculate v(14).
15
Let x(c) = -4*c + 61. Give x(14).
5
Let v(i) = 16*i**2 - 23. Give v(0).
-23
Let y(s) = -s**2 - 9*s + 26. What is y(-11)?
4
Let h(f) = -f**3 - 11*f**2 - 27*f - 48. Determine h(-6).
-66
Let y(a) = -a**2 - 73*a - 1194. Calculate y(-47).
28
Let h(n) = 22792*n + 2. Determine h(0).
2
Let g(m) = -8379*m + 41907. What is g(5)?
12
Let c(x) = 4*x**2 - 142*x - 716. What is c(40)?
4
Let n(k) = k**3 - 17*k**2 + 47*k + 221. Determine n(12).
65
Let n(p) = 5*p - 52. Determine n(-20).
-152
Let d(h) = 32*h**3 + 2*h**2 + 4*h + 3. What is d(-1)?
-31
Let l(a) = 4*a**2 - 24*a - 17. Determine l(6).
-17
Let x(w) = -15*w + 677. Determine x(45).
2
Let q(l) = -15*l**3 + 3*l**2 + l + 10. Determine q(3).
-365
Let o(s) = -304*s + 5779. What is o(19)?
3
Let g(p) = 31*p**2 - 494*p - 7. Give g(16).
25
Let y(n) = -n**3 + 12*n**2 - 11*n - 7. What is y(11)?
-7
Let v(g) = 48*g**2 - 25*g - 73. Determine v(2).
69
Let z(a) = -3*a**2 + 51*a + 49. What is z(17)?
49
Let n(r) = -r**3 - 32*r**2 - 26*r + 186. Calculate n(-31).
31
Let w(s) = -s**3 + 22*s**2 + 12*s + 11. What is w(23)?
-242
Let k(c) = -15*c**3 - 57*c**2 + 6*c + 5. Calculate k(-4).
29
Let w(f) = 2*f**3 - 8*f**2 + 19*f - 16. Calculate w(2).
6
Let f(m) = 19252*m - 38503. What is f(2)?
1
Let q(x) = -9*x**2 + 152*x - 1. Calculate q(17).
-18
Let o(m) = -588*m - 541. Determine o(-1).
47
Let q(x) = 557*x - 2281. What is q(4)?
-53
Let h(b) = -b**3 - 23*b**2 - 439*b - 11109. Determine h(-24).
3
Let n(p) = -p**3 + 11*p**2 - 4*p + 12. Determine n(11).
-32
Let c(f) = -f**2 + 1194*f + 66086. What is c(-53)?
-5
Let v(r) = -41*r + 1022. Calculate v(25).
-3
Let i(r) = 319*r + 1904. Give i(-6).
-10
Let t(o) = -242*o - 2675. Calculate t(-11).
-13
Let s(n) = -26*n - 1671. Calculate s(-62).
-59
Let u(s) = s**3 + 38*s**2 - 40*s - 12. Determine u(-39).
27
Let l(m) = -15*m**2 - 189*m + 33. Give l(-15).
-507
Let c(t) = -93*t**2 - 13*t + 52. Give c(3).
-824
Let g(n) = n**3 - 13*n**2 - 43*n + 412. Determine g(14).
6
Let h(b) = -2*b**3 + 6*b**2 + 20*b - 19. What is h(5)?
-19
Let d(v) = -62*v**2 + 9*v - 16. Calculate d(2).
-246
Let l(z) = 59*z + 13. Calculate l(2).
131
Let g(u) = 520*u - 531. Determine g(1).
-11
Let d(b) = 3*b**2 - 45*b - 400. Determine d(-13).
692
Let k(b) = -13*b**3 - 137*b**2 - 65*b + 27. Calculate k(-10).
-23
Let d(r) = -408*r - 2852. Determine d(-7).
4
Let c(j) = 164*j**3 - j**2 - 16*j + 17. What is c(1)?
164
Let o(p) = 21*p**3 + 4*p**2 - p - 2. Calculate o(-1).
-18
Let r(q) = -213*q - 2350. What is r(-11)?
-7
Let f(r) = 24*r**2 + 9*r - 13. Determine f(1).
20
Let b(w) = 10*w + 136. Determine b(-15).
-14
Let m(q) = 10*q + 981. Give m(-68).
301
Let q(i) = -i**3 - 15*i**2 + 42*i + 68. Determine q(-18).
284
Let t(f) = 11*f**2 + 108*f - 17. Give t(-10).
3
Let u(d) = -10*d + 437. Determine u(45).
-13
Let t(j) = -4*j**2 + 335*j - 214. Give t(83).
35
Let p(v) = v**3 - 14*v**2 + 64*v - 908. What is p(14)?
-12
Let k(s) = -2*s**2 + 1539*s - 7675. Give k(5).
-30
Let l(k) = k**3 + 141*k**2 + 1427*k - 395. What is l(-130)?
-5
Let s(l) = -57*l - 3990. What is s(-70)?
0
Let f(d) = 8*d + 165. What is f(-24)?
-27
Let w(n) = -7*n**2 - 170*n + 689. Determine w(4).
-103
Let y(r) = r**3 - 8*r**2 - 10*r + 20. What is y(9)?
11
Let k(f) = 34*f + 265. Determine k(-8).
-7
Let t(z) = 17*z**2 - 9*z + 14. Determine t(3).
140
Let d(k) = -26*k + 431. Calculate d(16).
15
Let o(m) = m**2 - 17*m - 17. Calculate o(6).
-83
Let h(y) = 4*y - 335. Give h(95).
45
Let d(f) = f**2 - 195*f + 3013. Give d(17).
-13
Let m(i) = -2*i**2 + 636. Calculate m(-18).
-12
Let g(b) = -2533*b - 5111. Give g(-2).
-45
Let j(z) = 4*z**2 + 1287*z - 2585. Calculate j(2).
5
Let p(c) = -c - 88. Give p(21).
-109
Let q(r) = r**2 - 13*r - 33. What is q(-2)?
-3
Let x(d) = -3*d**3 + 6*d**2 + 2*d - 9. Determine x(5).
-224
Let l(x) = -x**2 - 205*x - 8542. Calculate l(-146).
72
Let r(q) = 2*q**3 + 149*q**2 - 100*q - 1820. What is r(-75)?
55
Let f(k) = k**2 + 154*k - 1674. Give f(10).
-34
Let b(g) = -g**2 + 27*g - 216. What is b(21)?
-90
Let h(q) = -12*q**2 - 39*q + 120. Calculate h(-5).
15
Let o(z) = 2*z**3 - z**2 - 6*z + 10. Give o(3).
37
Let x(f) = -f**3 - 7*f**2 - 14*f - 9. Calculate x(-4).
-1
Let c(a) = 6*a**2 + 175*a - 513. Give c(3).
66
Let r(y) = 22*y**2 - 173*y + 8. Determine r(8).
32
Let l(g) = 28*g**2 - 2968*g - 2995. What is l(107)?
1
Let r(d) = d**2 + 82*d + 1226. Determine r(-23).
-131
Let v(c) = -196*c - 3534. What is v(-18)?
-6
Let a(w) = -w**2 - 13*w + 865. Give a(23).
37
Let k(z) = -5*z**2 + 2*z + 5. Determine k(2).
-11
Let a(u) = -7*u**3 + 4*u**2 - u - 2. Calculate a(3).
-158
Let m(f) = f**2 - 2968*f + 17772. What is m(6)?
0
Let n(w) = -7*w + 190. What is n(17)?
71
Let y(n) = 7*n**2 + 12*n + 23. What is y(6)?
347
Let j(s) = -560*s + 1679. Calculate j(3).
-1
Let v(f) = -106*f + 11. Calculate v(3).
-307
Let d(s) = 34*s - 1584. Calculate d(47).
14
Let c(s) = 3*s**3 - 2